rime factors of m?
107
List the prime factors of -6 - (9 - 8763)/2.
3, 31, 47
Let s be 24/6 - (0 - -2). Suppose 2*r = 4*a - 1214, 0 = s*r - 7*r - 25. What are the prime factors of a?
7, 43
Let p(n) = -n - 32. Let w be p(-16). What are the prime factors of (-597)/(-9) - w/24?
67
Suppose -5*i - 436 = 5*a - 4061, 0 = -a + 5. Suppose -5*l + i = -l. What are the prime factors of 1/2*l/3?
2, 3, 5
Suppose 3*c - 62 = 4*v - 1, -5*v - 50 = -2*c. Suppose 3*i - c = -2*i, -4*g + i - 27 = 0. Let p(r) = r**2 + 3*r - 8. List the prime factors of p(g).
2, 5
Let g(q) = 56*q + 240. List the prime factors of g(25).
2, 5, 41
Let y be (2 - 2)/(4 + -5)*-1. Suppose -k + 61 = -4*v, y = v - 4*v + 9. What are the prime factors of k?
73
Let w = 80 + -14. Let x = w + 74. What are the prime factors of x?
2, 5, 7
Let l = -1415 - -2065. What are the prime factors of l?
2, 5, 13
Let y be (-2)/(2*-1) - -6. Let o(b) be the third derivative of -b**4/24 + 3*b**3/2 - 3*b**2. List the prime factors of o(y).
2
Let x = 845 - -927. List the prime factors of x.
2, 443
Let t be (2 - 5)*6/(-3). Let y be t/39 - 5622/39. List the prime factors of (-9968)/y + (-2)/9.
3, 23
Let u(k) = -6*k**3 + 3*k**2 - 7*k + 13. Let m(f) = -7*f**3 + 2*f**2 - 8*f + 14. Let q(y) = 4*m(y) - 5*u(y). List the prime factors of q(5).
3
Suppose -6 = 2*a - 3*n, -a + 3*a + 3*n - 18 = 0. Suppose 0 = -4*x - a + 11. What are the prime factors of x?
2
Suppose -2 - 8 = -2*f. Suppose 0 = -4*h - f + 1. List the prime factors of 3 - ((-3)/h + -4).
2
Suppose -6*r + r - 10 = 0. Let s be (r/5)/((-1)/10). Suppose 3*h - 5*o = 23, 3 + 1 = -s*o. List the prime factors of h.
2, 3
Suppose 2*n + 4*w - 24 = -0*n, -2*n + 2*w - 6 = 0. Suppose -3*g + 2 - 5 = -n*x, -2*g + 3*x = 2. What are the prime factors of (-1)/(g/2) + 31?
3, 11
Suppose o - 34 = 2*g + 3*o, 0 = 4*g - 4*o + 68. Let c(v) = -v**2 + 16*v + 110. Let l be c(23). Let x = g - l. What are the prime factors of x?
2, 17
Let v = -10 + 15. Suppose u + 1 = -5*m + m, v*m + u = -1. Suppose m = 5*r - 4*r - 59. List the prime factors of r.
59
Suppose 4*x = -3*a + 8*a + 3351, 2*x = 3*a + 1677. What are the prime factors of x?
2, 3, 139
Let w = -753 + 1105. What are the prime factors of w?
2, 11
Let j = 38 + -56. What are the prime factors of (-1 + -2)*798/j?
7, 19
Let q(z) = 13*z**3 - z**2 - 3*z + 7. List the prime factors of q(3).
2, 5, 17
Let u(n) = -n. Let s(l) = 5*l - 17. Let w(o) = s(o) + 4*u(o). Let a be w(17). Suppose a*i + 33 = i. What are the prime factors of i?
3, 11
Suppose -49806 = -14*d - 4*d. List the prime factors of d.
2767
Let v be (0 - -1)*1*109. Suppose 0 = 2*q - 7*q + 375. Let t = v - q. List the prime factors of t.
2, 17
Let h = 0 - -3. Suppose -m + 0*v + 5 = h*v, -2 = -2*m - 2*v. Let l(f) = 16*f**2 - f. What are the prime factors of l(m)?
17
Let q be (-6)/84*-6 - 45/7. List the prime factors of (584/12)/((-2)/q).
2, 73
Let i be (-2)/(-6) - (-200)/(-15). Let c = 127 + i. What are the prime factors of c?
2, 3, 19
Let v(w) = w**3 + w**2 - 5*w + 792. What are the prime factors of v(0)?
2, 3, 11
Let x(d) = -d**3 + 8*d**2 - 4*d + 5. Suppose -23 = -4*s - 3. Let n be x(s). List the prime factors of 24*5/(n/16).
2
Let x = 74 - -115. What are the prime factors of x?
3, 7
Suppose -3*h - 2*l + 3 = 0, -3*h + 2 = -3*l - 16. List the prime factors of (-2)/h + (-838)/(-6).
139
Let g = -2 - 4. Let h be (-1)/(g/74)*6. Let u = -28 + h. List the prime factors of u.
2, 23
What are the prime factors of (-4)/3 - (-8271)/27?
5, 61
Suppose 0 = -15*l + 20*l - 695. Let k = l - -27. List the prime factors of k.
2, 83
Let h(k) = 2*k**2 - 58*k + 195. What are the prime factors of h(52)?
13, 199
Let z(l) = l**2 - 3*l + 3. Suppose h - 4*h = -c + 6, -2*c - 2*h - 4 = 0. Suppose 3*f = -d + 7, 2*d - d + 5 = c. What are the prime factors of z(f)?
7
Let b(l) be the first derivative of 12*l**3 + 5*l - 22. What are the prime factors of b(-3)?
7, 47
Suppose -8 = 4*y, 2*d - y = 146 + 1612. What are the prime factors of d?
2, 439
Let d(k) = 13*k**2 + 8*k + 2. List the prime factors of d(8).
2, 449
Suppose 3*g + 5 = -16. Let d = -14 - g. Let x = 13 + d. What are the prime factors of x?
2, 3
Suppose 2*s + 172 = -102. Let x = 73 - s. What are the prime factors of x?
2, 3, 5, 7
Suppose -372 = -2*m + 172. Suppose -12 = 4*n, 0*n = 4*d - 4*n - m. List the prime factors of d.
5, 13
Suppose -4*p + 4*v = -244, -p + 126 = p - 3*v. Suppose 6*o + p = 195. List the prime factors of o.
23
Suppose 0 = -2*b + 4*n + 146, b + 2*b = 2*n + 211. List the prime factors of b.
3, 23
Suppose -3 = -w, -4*x - 60 = -7*x - w. Suppose 5 = 2*g - 7*g, -2*h = 3*g - x. Suppose c - h - 6 = 0. List the prime factors of c.
17
Suppose 0 = 7*p - 3*p + 20, x = -5*p - 22. Suppose -3*g = x*z - 126, -g - g + 87 = z. What are the prime factors of g?
3, 5
Let a(c) = -24*c - 16. Let n be a(-6). Suppose 23*x - n = 19*x. List the prime factors of x.
2
Let y(b) = 4*b**2 - 2*b. Let r be y(2). Suppose -3*q + r = 4*a, 2 - 22 = -2*a + 2*q. Let k = 8 + a. What are the prime factors of k?
2, 7
Let o(w) = 435*w**2 + 11*w + 11. List the prime factors of o(-1).
3, 5, 29
Let r = -5 - 0. Let u be 245/25 - 1/r. Suppose -2*t = -3*t + u. List the prime factors of t.
2, 5
Suppose -n + 0*n - 3*i + 490 = 0, -2*i = -4*n + 2030. List the prime factors of n.
5, 101
Suppose -5*q = 4*b - 3124, -2*b = -5*q + 4*q - 1562. What are the prime factors of b?
11, 71
List the prime factors of 1710 + (-9)/((-36)/16).
2, 857
Let r(a) = -3*a + 11. Let s(o) = -o + 5. Let k(w) = -2*r(w) + 5*s(w). Let f be k(5). Suppose f*j - 81 = 5*j. List the prime factors of j.
3
Let g(l) = 2*l**2 - l - 1. Let w be g(-1). Suppose -3*a + 3*z + 99 = 0, 4*z + 102 = w*a + a. Let s = -14 + a. List the prime factors of s.
2
Suppose -3*q = 5*l - 2627, l - 2607 = -4*l + 2*q. List the prime factors of l.
523
Let p(m) = 2*m**2 + 4*m + 9. Let d be p(-2). Suppose 5*k = d*k - 224. List the prime factors of k.
2, 7
Let b = -68 + 31. Suppose -8 = 2*y, 5*g + 0*y - 338 = 2*y. Let t = b + g. What are the prime factors of t?
29
What are the prime factors of (-20)/(35/343*2/(-5))?
2, 5, 7
Let x be 60/(-4)*-3*(-4)/6. List the prime factors of (-528)/(-5) + -3*4/x.
2, 53
Let p = 73 + -77. Let m(s) = -2*s**3 + 4*s**2 + 4*s - 2. What are the prime factors of m(p)?
2, 3, 29
Let i be (-24)/(-84) + (-26)/(-7). Suppose 46 = i*y - 38. List the prime factors of y.
3, 7
Let c(x) = -x**2 + x + 2. Let k be c(0). Suppose -k*h + 2*l - 3*l = -17, 2*l + 29 = 5*h. Let t = 10 - h. List the prime factors of t.
3
Let u(m) = m**3 + 1. Suppose -4*l = -5*o - 3, 3*l + 0 = 4*o + 2. Suppose 6 = l*x - 0*x. List the prime factors of u(x).
2, 7
Let l = 390 + 145. List the prime factors of l.
5, 107
Suppose 3*s - 2*t - 2206 = 0, -2*s - 3*t = -5*t - 1472. List the prime factors of s.
2, 367
Let j be -5 + 1 - 276/4. Let d = -52 - j. What are the prime factors of d?
3, 7
Suppose 0 = 2*b - 1 - 9. Let r = 8 - b. Suppose 2*l - 2*m = 126, 2*l - r*m = -8*m + 105. List the prime factors of l.
2, 3, 5
Suppose -6*b + 4*b + 832 = 3*d, 2*b + 1392 = 5*d. Let t = d + -164. List the prime factors of t.
2, 3, 19
Let h be (1*-300)/((-7)/14). Suppose h = 8*l - 3*l. List the prime factors of l.
2, 3, 5
Suppose 12*r + 52 = 4. What are the prime factors of 1 - 4/r - -122?
2, 31
Suppose 540 = -15*m + 10*m. Let a = -42 - m. What are the prime factors of a?
2, 3, 11
Suppose 31*v - 160 = 23*v. List the prime factors of v.
2, 5
Let y(u) be the first derivative of 68*u**3/3 - u**2/2 + 1. Suppose 71 = -5*t + 66. What are the prime factors of y(t)?
3, 23
Let p(g) = g**3 + 16*g**2 - g + 14. Let u be p(-12). Suppose 0 = 2*h + 4*m - 480, 4*m = -3*h + u + 110. What are the prime factors of h?
2, 29
Suppose -7*a + 133 + 140 = 0. Suppose -3 = 4*q - 7. Suppose -d + a = q. List the prime factors of d.
2, 19
Let w(n) = n**2 + 2*n - 3. Let a be w(-3). Suppose 5*j - 32 = 3*m, a*j = 2*j - 5*m - 9. What are the prime factors of (-38)/(-2) + -5 + j?
3, 7
Let h(b) = 7*b**2 - b - 1. Let f be h(1). Suppose 0*n + 164 = 4*v + n, -5*v = -f*n - 230. What are the prime factors of v?
2, 3, 7
Let p(w) = w**2 + 5*w - 26. Let k be p(-9). Suppose -2*y = -3*c - 18, k = y - 2*c - 0*c. What are the prime factors of y?
2, 3
Suppose 0 = -2*s + 3*x - 19, 0*s + 29 = -4*s + 3*x. Let o(w) = w**2 + 7*w + 16. Let v be o